 2*g**2 - 5*g - 7. Let y be 0 + (-5)/(-2)*2. Calculate the remainder when 4*(-1*9 + (-12354)/(-696)) is divided by c(y).
17
Let p = -16371 + 16456. Calculate the remainder when 956 is divided by p.
21
Let q = -52 - -47. Calculate the remainder when 40 is divided by ((-230)/(-92))/(q/(-66)).
7
Suppose 0*y + 15 = -5*y. Let g be (y*(-8)/(-12))/((-4)/274). Suppose -3*r - q = -g, 8*q - 4*q = 5*r - 200. What is the remainder when 85 is divided by r?
41
Suppose 10*s - 128 = -5*i + 192, 4*s = 4*i + 128. Calculate the remainder when 7005 is divided by s.
29
Let a(i) be the third derivative of -i**5/12 - i**4/12 + 142*i**3/3 - 237*i**2. What is the remainder when a(0) is divided by 74?
62
Let o(w) = -7*w + 5. Calculate the remainder when (-126)/(-2) - -30*(-1)/6 is divided by o(-4).
25
Let i = 30191 + -30131. What is the remainder when 853 is divided by i?
13
Suppose 3*w - 12 = 0, -v + 2*w + 68 = -151. Let l = 106 - 75. Suppose 3*j - l = v. What is the remainder when j is divided by 44?
42
Suppose 2*z - 1 = v, -4 = v - 5*v + 4*z. Suppose -t = 4, -2*t + 12 = -v*k + 203. What is the remainder when 117 is divided by k?
56
Let b(z) = 7*z**3 + 2*z**2 - 12*z + 26. Calculate the remainder when 803 is divided by b(2).
11
Let s = -1690 - -1710. What is the remainder when 319 is divided by s?
19
Let n(l) = -27998 + 56004 + 2*l**2 - 27992. Suppose 5*j = -s, 3*s + 7 = -j - 21. What is the remainder when n(s) is divided by 31?
28
Suppose -2*p + u - 31 = 50, -5*u = 25. Let l = -30 - p. Calculate the remainder when ((-92)/(-12))/((-9)/(-27)) is divided by l.
10
Let n(j) = 2*j + 88. Let c be n(35). Suppose 0 = -164*a + c*a + 90. What is the remainder when a is divided by 11?
4
Let u be (24 - 20)/((-2)/(-208)). Let a = 518 - u. Calculate the remainder when a is divided by 35.
32
Let b be (-2)/10 - 52/(-10). Suppose b*s - 6 = -31. Let h = s - -38. Calculate the remainder when 64 is divided by h.
31
Let k(v) = -63*v**2 + 4*v - 8. Let f be k(6). Let s be 8/(-68) - f/68. Let y = s - 24. What is the remainder when 22 is divided by y?
4
Calculate the remainder when ((-2345)/(-140))/((-4)/(-176)) is divided by 366.
5
Suppose 0 = 16*o - 4744 - 1208. Suppose 0*p + 3*p + o = 4*f, 2*p = 3*f - 278. What is the remainder when f is divided by 24?
18
Suppose -1 = 5*i - 16. Suppose 4 + 11 = i*c. Suppose -279 + 59 = -c*n. Calculate the remainder when n is divided by 12.
8
Suppose 0 = 4*w - 230 - 70. Suppose -943 + 294 = -3*u - 8*u. What is the remainder when u is divided by w/6*(-18)/(-15)?
14
Suppose 5*w - 41437 = 7*q, 3*w - 37954 + 13105 = 2*q. Calculate the remainder when w is divided by 101.
98
Suppose 22*c - 1029 + 483 = 1742. Let z = 38 + 15. Calculate the remainder when c is divided by z.
51
Suppose -11*h + 10664 = 3302 + 3028. Calculate the remainder when h is divided by 104.
82
Let y(u) = -2*u + 120. Suppose -3*v - 2*i + 5*i + 129 = 0, 2*v = 3*i + 89. What is the remainder when y(v) is divided by 6?
4
Let p(x) be the second derivative of -9*x**3/2 + 148*x**2 - 4*x + 33. What is the remainder when p(5) is divided by 6?
5
Let k(f) = 5*f**3 - 6*f**2 - 45*f + 53. Calculate the remainder when k(12) is divided by 45.
44
Let o(p) = -4*p**3 - 94*p**2 - 134*p + 26. Calculate the remainder when 1889 is divided by o(-22).
69
Suppose 0 = -3*t + 2*f + 99, -4*f = 141*t - 146*t + 165. What is the remainder when (-122)/(2 - 4 - -1) is divided by t?
23
Suppose 41 = 4*n + 29, 5*r + 3*n = 39. Suppose -4*d = -u + 186, d - 3*d = -r. What is the remainder when u is divided by 67?
64
Suppose q - 5*m = 44, q - 2*m + 51 = 2*q. Let h(r) = -r**2 + 32*r - 221. Let t = 1525 - 1506. Calculate the remainder when q is divided by h(t).
23
Let f be (-187)/4 - (-3)/(-12). Let z = -27 - f. Suppose 5*m + 67*p - 71*p - 306 = 0, 4*p + 944 = 16*m. Calculate the remainder when m is divided by z.
18
Let y(w) = 4*w**3 + 41*w**2 + 26*w + 224. Let r(p) = -p**3 + 11*p**2 + 26*p - 25. What is the remainder when r(11) is divided by y(-10)?
5
Suppose -304*i = -300*i - 2*u - 1658, 3*u + 1254 = 3*i. Calculate the remainder when 1235 is divided by i.
2
Let c = -6049 - -6063. Calculate the remainder when 288 is divided by c.
8
Suppose -32 + 84 = 13*z. Suppose 9*s = z*s + 655. Let j = s - 123. Calculate the remainder when 27 is divided by j.
3
Suppose -2*h + 91 = -t, 0 = h + 7*t - 6*t - 50. Suppose -4*q - 4*z = -56, -4*q + 2*z = -h + 3. Calculate the remainder when 117 is divided by q.
9
Suppose -245*d + 2*f + 6226 = -243*d, 0 = -4*d + f + 12452. What is the remainder when d is divided by 35?
33
Let p(y) = -133*y - 63. Let k be p(-3). Suppose 23*f - k = 2*f. What is the remainder when f is divided by 9?
7
Calculate the remainder when 197 is divided by 88/(-16)*-2 + -14 + 43/1.
37
Let q(v) = v**3 + 45*v**2 - 76*v - 268. What is the remainder when q(-46) is divided by 74?
2
Suppose -4*g + 5*f + 86 = 0, -5*g + 128 = -f + 5*f. Let a = 1356 + -1340. Calculate the remainder when g is divided by a.
8
Let s = -6 - -12. Let h(r) = -r**2 + 6*r + 10. What is the remainder when 44 is divided by h(s)?
4
Let d(o) = 4*o + 8. Let b be d(-6). Let t be (b/(-40))/(1/(-5))*-2. Suppose 264 = -t*f + 12*f. What is the remainder when f is divided by 12?
9
Let j = -129 + 73. Let p(n) = n + 110. Let w be p(-47). Let u = w + j. What is the remainder when 12 is divided by u?
5
Let v(b) be the first derivative of b**3 + 17*b**2/2 + 15*b + 68. Calculate the remainder when 75 is divided by v(-6).
12
Let a(d) = d**2 - 10*d + 1. Let h(g) = g**2 - 10*g + 1. Let f(k) = -5*a(k) + 4*h(k). What is the remainder when 59 is divided by f(7)?
19
Suppose 8*s + 34*s - 1260 = 0. Calculate the remainder when 479 is divided by s.
29
Let h(g) = g**3 - 21*g**2 + 15*g - 8. Let k be h(19). Calculate the remainder when 16/(-4)*k/20 is divided by 10.
9
Let p = -23 + 49. Suppose 69*l + 71 = 347. Suppose 4 - 49 = -5*f + a, -l*a = -5*f + 45. What is the remainder when p is divided by f?
8
Suppose 6*t - 2*t + 176 = 3*z, 4*z - 218 = 2*t. Suppose r = 119 - 117. Suppose r*w - 45 = -9. Calculate the remainder when z is divided by w.
16
Let t = -121 - -174. Suppose 2*i = -4*z + 26, -4*z + 6*z = -3*i + 27. Calculate the remainder when t is divided by i.
4
Suppose 0 = -4*r - r - 20*r + 10900. What is the remainder when r is divided by 199?
38
Suppose 39*l - 41*l = -4. Suppose 0 = -0*d + 5*d, 0 = -l*z + 4*d + 44. What is the remainder when 350 is divided by z?
20
What is the remainder when (-137)/(-3) + (-632)/(-474) is divided by 13?
8
Suppose t + 0*t + 2*a - 89 = 0, -4*a = 5*t - 469. Let x(s) = -7*s - 12. Calculate the remainder when t is divided by x(-5).
5
Suppose 4*u + 64 = 200. Suppose -b - 3*t = -5*b + 81, 2*t = -b + u. What is the remainder when b is divided by 2?
0
Suppose -3*m = 3*w + 2*w - 17, -21 = -4*m - 5*w. Suppose -4*x + m = 0, 0 = -5*t - 3*x - x + 54. What is the remainder when 94 is divided by t?
4
Suppose -5*i = -128 + 8. Let o(x) = 2*x**2 + 30*x + 3. Let b be o(-15). Calculate the remainder when (-93)/(-62)*236/b is divided by i.
22
Let t = 260 + -137. Suppose -3*l = -1891 - 725. Calculate the remainder when t is divided by 1*(-4)/24 + l/48.
15
Suppose -2*r - 5*a + 164 = 0, 4*a + 26 = 4*r - 246. What is the remainder when r is divided by (-110)/(-8) - (-65)/52?
12
Let x(h) = h**2 + 41*h - 2946. Calculate the remainder when 352 is divided by x(38).
16
Let q = -2 - -5. Suppose -q*w = -6*w + 75. Let j = 116105 + -116096. What is the remainder when w is divided by j?
7
Suppose 22*b + 45 = -571. What is the remainder when b*(-3)/(-15)*(-140)/8 is divided by 24?
2
Let o(n) = -2*n + 2. Let j = -1 - 6. What is the remainder when (-4 + (-875)/28)*(13 + -7 - 10) is divided by o(j)?
13
Let x = 175 + -160. Suppose x*l + 118 = 298. Calculate the remainder when 116 is divided by l.
8
Calculate the remainder when 260 is divided by -2 - -81 - -20*11/22.
82
Suppose k = -1, 3*k - 1444 = -5*a + 518. Calculate the remainder when 4702 is divided by a.
379
Suppose -2*k - 6330 = 4*k. What is the remainder when 678 is divided by -3 - ((-2)/3 - k/(-15))?
66
Suppose 6 = -o + 3*o. Suppose -4228*n - 140 = -4238*n. What is the remainder when n is divided by o?
2
Suppose 3*w + 5*n = -580, n + 45 = 2*w + 410. Let m = w - -205. What is the remainder when 78 is divided by m?
18
Suppose -16*v + 20*v - 4